{"id":1822,"date":"2015-06-25T16:33:26","date_gmt":"2015-06-25T16:33:26","guid":{"rendered":"http:\/\/www.ukclub.it\/?page_id=1822"},"modified":"2024-10-09T09:34:33","modified_gmt":"2024-10-09T07:34:33","slug":"progetti","status":"publish","type":"page","link":"http:\/\/www.ukclub.it\/index.php\/progetti\/","title":{"rendered":"Progetti"},"content":{"rendered":"\n<blockquote class=\"wp-block-quote is-layout-flow wp-block-quote-is-layout-flow\">\n<p>Ciao a tutti!<br \/>Abbiamo deciso di creare questa nuova sezione del sito chiamata <strong>&#8220;Progetti&#8221;<\/strong> per semplificare e rendere pi\u00f9 chiaro, ogni aggiornamento, da qui in avanti. Ad oggi le attivit\u00e0 che stiamo portando avanti a <strong>Bamako (Kalaban Cour\u00e0)<\/strong>, assieme ad <a href=\"http:\/\/www.unaltromondo.it\/\"><strong>UnAltroMondo OdV<\/strong><\/a>, si sono articolate attorno a questi cinque progetti principali che, a partire dal 2010, ci vedono coinvolti in prima linea. Di seguito \u00e8 possibile trovare i link che portano alle descrizioni di ciascun progetto e dove troverete i relativi update:<\/p>\n<\/blockquote>\n\n\n\n<ul class=\"wp-block-list\">\n<li><a href=\"https:\/\/www.ukclub.it\/index.php\/ukdave-2024\/\"><strong>Illuminiamo l&#8217;Oasis<\/strong><\/a><\/li>\n\n\n\n<li><strong><a href=\"http:\/\/www.ukclub.it\/index.php\/la-nuova-sala-polivalente-del-centro-di-ascolto-loasis-di-bamako-mali-e-pronta\/\">La nuova sala polivalente del &#8220;Centro Oasis&#8221;<\/a><\/strong><\/li>\n\n\n\n<li><a href=\"http:\/\/www.ukclub.it\/index.php\/ukclub-kalaban-diamo-un-calcio-alle-distanze\/\"><strong>UkClub Kalaban<\/strong><\/a><\/li>\n\n\n\n<li><strong><a href=\"http:\/\/www.ukclub.it\/index.php\/nuovo-centro-oasis\/\">Il Nuovo &#8220;Centro Oasis&#8221;<\/a><\/strong><\/li>\n\n\n\n<li><a href=\"http:\/\/www.ukclub.it\/index.php\/un-club-di-classe\/\"><strong>Un Club di classe<\/strong><\/a><\/li>\n\n\n\n<li><a href=\"http:\/\/www.ukclub.it\/index.php\/27-12-2014-un-pozzo-per-loasis\/\"><strong>Un pozzo per l&#8217;Oasis<\/strong><\/a><\/li>\n\n\n\n<li><a href=\"http:\/\/www.ukclub.it\/index.php\/microcredito\/\"><strong>Microcredito<\/strong><\/a><\/li>\n<\/ul>\n\n\n\n<blockquote class=\"wp-block-quote is-layout-flow wp-block-quote-is-layout-flow\">\n<p><strong>!U.k Club<\/strong>, da sempre sostiene questi progetti attraverso la vendita online e ai banchetti delle t-shirt solidali oppure seguendo le indicazioni riportate dal sito web di <strong>UnAltroMondo OdV<\/strong>&nbsp;al seguente <a href=\"http:\/\/www.unaltromondo.it\/cosa-puoi-fare\/sostienici\/donazioni.html\"><strong>link<\/strong><\/a>&nbsp;riportando nella causale il progetto per il quale vorrete effettuare il versamento, specificando che si tratta di una &#8220;<strong>erogazione liberale<\/strong>&#8220;.<\/p>\n\n\n\n<p>Inoltre, nel corso degli ultimi anni altri gruppi di creativi, artisti, musicisti e via dicendo, hanno organizzato ed organizzano eventi all&#8217;interno dei quali \u00e8 possibile dare il proprio contributo. Basti pensare ad <strong><a href=\"https:\/\/www.instagram.com\/ares_cultura\/\" target=\"_blank\" rel=\"noreferrer noopener\">Ares<\/a><\/strong>, <a href=\"https:\/\/www.facebook.com\/MangustaProject\/\"><strong>Mangusta Project<\/strong><\/a>, <a href=\"https:\/\/www.lalumachinamod.com\/\"><strong>La Lumachina Mod<\/strong><\/a>, <a href=\"https:\/\/www.facebook.com\/LunaticsProduction\/\"><strong>Lunatics Production<\/strong><\/a>, <a href=\"https:\/\/www.facebook.com\/LOL-Listeners-Of-Lives-406416149483779\/\"><strong>LOL: Linesteners of Lives<\/strong><\/a>, <a href=\"http:\/\/www.cafelule.it\/\"><strong>Cafelul\u00e9<\/strong><\/a>,\u00a0<a href=\"https:\/\/www.facebook.com\/LE-PICCOLE-VOLPI-ASSOCIAZIONE-TEATRALE-183758521346\/\"><strong>Le Piccole Volpi<\/strong><\/a>, una miriade di iniziative che, nel Nord Italia, stanno sostenendo questa folle idea partita dalla spiaggia di St. Tropez e che &#8211; oggi &#8211; \u00e8 una bellissima realt\u00e0 tanto a <strong>Kalaban Cour\u00e0<\/strong>, quanto a Bergamo e dintorni.<\/p>\n\n\n\n<p>Voi tutti state cambiando il corso delle cose, perch\u00e9<em> \u00abSolo l&#8217;iniziativa provoca il cambiamento<\/em>\u00bb<\/p>\n\n\n\n<p>Stay Tuned!<\/p>\n<\/blockquote>\n","protected":false},"excerpt":{"rendered":"<p>Ciao a tutti!Abbiamo deciso di creare questa nuova sezione del sito chiamata &#8220;Progetti&#8221; per semplificare e rendere pi\u00f9 chiaro, ogni aggiornamento, da qui in avanti. Ad oggi le attivit\u00e0 che stiamo portando avanti a Bamako (Kalaban Cour\u00e0), assieme ad UnAltroMondo OdV, si sono articolate attorno a questi cinque progetti principali che, a partire dal 2010, ci vedono coinvolti in prima &hellip; <\/p>\n","protected":false},"author":3,"featured_media":2642,"parent":0,"menu_order":0,"comment_status":"closed","ping_status":"open","template":"","meta":{"footnotes":""},"class_list":["post-1822","page","type-page","status-publish","has-post-thumbnail","hentry"],"_links":{"self":[{"href":"http:\/\/www.ukclub.it\/index.php\/wp-json\/wp\/v2\/pages\/1822","targetHints":{"allow":["GET"]}}],"collection":[{"href":"http:\/\/www.ukclub.it\/index.php\/wp-json\/wp\/v2\/pages"}],"about":[{"href":"http:\/\/www.ukclub.it\/index.php\/wp-json\/wp\/v2\/types\/page"}],"author":[{"embeddable":true,"href":"http:\/\/www.ukclub.it\/index.php\/wp-json\/wp\/v2\/users\/3"}],"replies":[{"embeddable":true,"href":"http:\/\/www.ukclub.it\/index.php\/wp-json\/wp\/v2\/comments?post=1822"}],"version-history":[{"count":17,"href":"http:\/\/www.ukclub.it\/index.php\/wp-json\/wp\/v2\/pages\/1822\/revisions"}],"predecessor-version":[{"id":3147,"href":"http:\/\/www.ukclub.it\/index.php\/wp-json\/wp\/v2\/pages\/1822\/revisions\/3147"}],"wp:featuredmedia":[{"embeddable":true,"href":"http:\/\/www.ukclub.it\/index.php\/wp-json\/wp\/v2\/media\/2642"}],"wp:attachment":[{"href":"http:\/\/www.ukclub.it\/index.php\/wp-json\/wp\/v2\/media?parent=1822"}],"curies":[{"name":"wp","href":"https:\/\/api.w.org\/{rel}","templated":true}]}}